2*(0 + 2)*2. What is the highest common factor of 8 and g?
8
Let l = -104 + 115. What is the greatest common factor of 55 and l?
11
Let z(q) = q + 28. Let d be z(-20). What is the highest common factor of 216 and d?
8
Let o = 11 + -6. Let s(y) = -10*y - 5. Let x be s(-6). What is the greatest common factor of o and x?
5
Suppose 3*x = -7 - 8. Let z(j) = -4*j - 2 + 2*j + 1. Let h be z(x). Calculate the greatest common factor of h and 45.
9
Suppose -3*g + 33 = -3*s, 0*g - 4*s = 5*g - 91. Let w be (-10)/(-2)*(-60)/(-4). Suppose -m + w = -0*m. Calculate the highest common factor of g and m.
15
Let u be (-4)/(-3)*(-540)/(-8). Let c be 18/(-7)*(-28)/2. Calculate the greatest common factor of u and c.
18
Let t = -5 - -1. Let o be (-2)/t + (-159)/(-2). What is the greatest common factor of o and 10?
10
Let y(x) = x**3 - 6*x**2 - 6*x - 1. Suppose -6*k + 28 = -2*k. Let u be y(k). Calculate the greatest common divisor of u and 9.
3
Suppose 16 = 2*a - 0. Suppose -a - 17 = -5*m. What is the greatest common divisor of 5 and m?
5
Let i = -4 + 7. Suppose a = -z + i, z + 15 - 2 = -5*a. Let x be 1183/21 - 2/6. What is the greatest common divisor of x and z?
7
Suppose 5*g = h - 4, 2*g - 6 = -2*h + 2. Suppose -c + 6*c = 5, 4*l + 5*c - 69 = g. What is the highest common divisor of 2 and l?
2
Let x(s) = 5*s - 9. Let h be x(4). Suppose 27 + 28 = 5*r. What is the highest common factor of r and h?
11
Let c = -7 - 4. Let v = -2 - c. What is the highest common factor of v and 9?
9
Let a = 243 + -133. Calculate the highest common factor of 22 and a.
22
Let n(c) = 2*c + 24. Let h be n(-10). Let b(o) = -37*o**3 - o**2 - o - 1. Let k be b(-1). Calculate the greatest common factor of k and h.
4
Let n be 11 + ((-6)/(-3) - 0). What is the greatest common divisor of 13 and n?
13
Let t be 1080/7 + (-4)/14. Suppose 4*q - 22 = 34. What is the highest common divisor of t and q?
14
Let m be ((-11)/1)/((-1)/(-2)). Let r = m - -8. Let n be (288/r)/(2/(-14)). What is the greatest common divisor of 16 and n?
16
Let x be (-6)/2 - (-34 + 8). Let o = 24 - 13. Let y = x - o. Calculate the greatest common factor of 2 and y.
2
Suppose -108 = -2*n - 4*s, 0 = 5*s + 1 - 11. What is the greatest common divisor of 20 and n?
10
Let u be -3 + -2 + 1 + 3. Let h = -1 - u. Suppose -30 = -h*d - d + 2*c, d - c - 25 = 0. What is the highest common factor of 30 and d?
10
Let g(a) = a**3 - 8*a**2 - 3*a + 6. Let d be g(9). What is the greatest common divisor of d and 30?
30
Let h = 18 - 8. Let g be (-306)/(-15) + 6/h. What is the greatest common divisor of 14 and g?
7
Let t be (-20)/6*(-33)/22. Suppose 0 = -t*p + 26 + 4. What is the greatest common factor of 24 and p?
6
Let c be (-26 - 1)*(-90)/27. Suppose -y = -4*y + c. What is the greatest common divisor of 6 and y?
6
Suppose l = 3*l. Let v be 39 - (3 - l/(-2)). What is the highest common divisor of 9 and v?
9
Let r(t) = -t**3 - 11*t**2 - 35*t - 4. Let k be r(-8). Calculate the greatest common divisor of 42 and k.
42
Suppose 5*c = 3*d - 625, 4*d - 4*c = 5*d - 197. What is the highest common factor of 41 and d?
41
Let t = 1 - -10. Suppose -4 = -3*x + t. What is the greatest common divisor of x and 55?
5
Let s = 8 + 14. What is the greatest common divisor of s and 242?
22
Suppose 2*n - 7*n + 3*y = -63, -y - 13 = -n. What is the highest common divisor of n and 3?
3
Let o = -16 + 26. Suppose 0 = 3*f - 5*d - o, 4 - 2 = -2*f - d. Suppose -5*w + 2*t + 63 = f, 5*t + 14 + 17 = w. Calculate the highest common factor of 44 and w.
11
Suppose -4*h = -6*a + a - 12, 10 = -2*a - h. Let q be 1*(a - -8) - -26. Calculate the greatest common factor of q and 90.
30
Let x(r) = 5*r - 1. Let l be x(1). What is the greatest common factor of 8 and l?
4
Let l = 57 + -25. Let g = -22 + l. Calculate the greatest common divisor of 110 and g.
10
Let a(c) = -c + 7. Let b be a(5). Let n(i) = b*i**2 - 2*i**2 - i**3 - i**2 - 2*i. Let w be n(-4). What is the greatest common factor of w and 14?
14
Let q(b) = 5*b**2 + b + 1. Let l be q(-4). What is the greatest common divisor of 11 and l?
11
Let p(u) = 9*u + 6. Let q be p(4). Suppose -4*r + 27 = -29. Calculate the greatest common factor of r and q.
14
Suppose p = 2*t - 5, -4*t + 5 = 3*p - 10. Suppose 73 = 4*k + v - 6, -4*k + 99 = -t*v. Calculate the greatest common factor of k and 63.
21
Suppose 7 = 2*c - 19. Let z(p) = 3*p + 28. Let i be z(-5). Calculate the highest common divisor of i and c.
13
Suppose -3*x - 33 = -5*j, 4*j - 4*x - 28 = -8. What is the highest common factor of 81 and j?
9
Let r be ((9/(-6))/((-3)/88))/1. Calculate the greatest common factor of r and 11.
11
Let g(k) = -9*k + k**3 + 9*k - 2*k**3 + k + 1. Let d be g(-2). What is the highest common divisor of d and 63?
7
Let g be -6*2/(12/(-39)). Calculate the highest common factor of g and 26.
13
Let t = -24 + 44. Suppose -2*d + 2*v = -24, 2*d - 3*v + 48 = 6*d. Suppose -4*o + d = -t. Calculate the highest common divisor of 40 and o.
8
Let n be 1*-4 - (-1969)/11. Calculate the greatest common factor of n and 25.
25
Suppose -4*j = -l + 25, 2*j + 25 = 3*l - 0*l. Let t(h) = h**2 + 2*h + 5. Let y be t(j). What is the highest common factor of 20 and y?
20
Suppose 0*q - 15 = -q. Let k = q - -48. What is the highest common factor of 7 and k?
7
Let o = 26 - 18. What is the greatest common factor of 88 and o?
8
Let b = -13 - -31. Calculate the greatest common divisor of 162 and b.
18
Suppose -2*f + 93 = 13. Let y be ((-7)/((-7)/2))/(3/30). What is the highest common factor of y and f?
20
Let g be ((-5)/2)/(1/(-2)). Suppose 43 = f + 5*d, -d + 105 = g*f + 2*d. What is the greatest common factor of f and 90?
18
Let k(p) = -15*p - 1. Let l be k(-3). Suppose 0 = -5*i + i + l. What is the highest common factor of i and 88?
11
Suppose 2*f = -5*s + 187 - 59, f = -4*s + 100. Calculate the highest common divisor of 16 and s.
8
Let i be 3324/84 + 3/7. Calculate the greatest common divisor of i and 16.
8
Let v = -51 - -18. Let n = 69 + v. Calculate the greatest common factor of n and 90.
18
Let t(y) be the second derivative of -2*y**3/3 - y**2/2 - 4*y. Let r be t(1). Let g = r - -15. Calculate the greatest common divisor of 10 and g.
10
Suppose 2*v = -n + 4*n + 222, n = -v + 106. What is the greatest common factor of v and 12?
12
Let i(j) be the second derivative of j**3/6 + 2*j**2 - j. Let t be i(-3). Suppose 0 = -2*v + t + 9. Calculate the highest common factor of 1 and v.
1
Let p(b) = 8*b - 6. Let q be p(3). Calculate the highest common factor of 9 and q.
9
Let r = -3 + 12. Suppose -4*b = -23 - r. What is the greatest common divisor of b and 56?
8
Suppose 2*g + 0 = -h + 54, 0 = -5*h - 3*g + 284. Suppose 0*n - 4*n + 3*x = -79, 0 = 3*n - 2*x - h. Calculate the greatest common factor of n and 16.
16
Let x = 9 + 6. Let m be (-3)/((-3 + 4)/(-1)). Suppose 0 = -0*d - d + m. What is the greatest common divisor of x and d?
3
Let c(b) = -b**3 - 10*b**2 + 10*b - 6. Let o be c(-11). Let u be (-2)/7 + 494/14. Calculate the highest common factor of u and o.
5
Suppose -5*m = 2*x + 42, 5*m + 35 = -x + 6*x. Let t be -1 + (-1 + 2)*0. Let k be 2*t/4*m. What is the highest common factor of k and 44?
4
Let j be ((-4)/4)/(2/52). Let b = 37 + j. Calculate the highest common factor of b and 1.
1
Suppose 6*k - 3*k = 0. Suppose -4*q + 2*q + 110 = k. Suppose 110 = 3*t + 2*t. Calculate the highest common divisor of q and t.
11
Suppose -5*i = 5*j - 43 - 82, 0 = j + 2*i - 20. Suppose 70 = 3*y - 5*a, -4*y + 3*a = -2*y - 46. What is the highest common divisor of j and y?
10
Suppose h = -2*h + 9. Suppose 0 = -b + 5*s - 2*s - h, 4*b - 20 = 4*s. Calculate the highest common factor of b and 63.
9
Suppose 4*m = -2*n + 24, -2*m + 4*n = 2*m. Calculate the greatest common divisor of m and 20.
4
Let g = 17 - 28. Let n(r) = -12*r + 8. Let k be n(g). Calculate the highest common divisor of 20 and k.
20
Suppose 4*r - 3*g - 33 = 0, -4*r - 44 = -6*r - 4*g. Calculate the greatest common divisor of r and 228.
12
Let r(j) = 4*j**2 + 4*j + 7. Let w be r(-2). What is the highest common divisor of 30 and w?
15
Let l = -5 - -5. Suppose 0 = -r - l + 4. Suppose -q = r*q - 60. Calculate the highest common factor of q and 48.
12
Let b(w) = -91*w**3 + 2*w + 1. Suppose 0 = -4*i + 2*i - 10, -3*a = -2*i - 7. Let n be b(a). What is the highest common fa